{"id":5710,"date":"2019-09-06T21:38:12","date_gmt":"2019-09-06T21:38:12","guid":{"rendered":"http:\/\/techmind.mx\/?page_id=5710"},"modified":"2020-05-30T10:49:40","modified_gmt":"2020-05-30T10:49:40","slug":"desarrollo-de-producto","status":"publish","type":"page","link":"https:\/\/techmind.mx\/index.php\/desarrollo-de-producto\/","title":{"rendered":"Desarrollo Integral de Producto"},"content":{"rendered":"<p>[vc_row full_width=\u00bbstretch_row\u00bb et_uniqid=\u00bbet_custom_uniqid_5ed23a284e9d9&#8243; css=\u00bb.vc_custom_1590835765300{padding-top: 75px !important;padding-bottom: 125px !important;background-color: rgba(1,191,241,0.7) !important;*background-color: rgb(1,191,241) !important;}\u00bb _et_uniqid=\u00bbet_custom_uniqid_new_5ed23a286c407&#8243;][vc_column][vc_custom_heading text=\u00bbDESARROLLO INTEGRAL DE PRODUCTO\u00bb font_container=\u00bbtag:h2|font_size:16px|text_align:center|color:%23ffffff|line_height:18px\u00bb google_fonts=\u00bbfont_family:Oswald%3A300%2Cregular%2C700|font_style:400%20regular%3A400%3Anormal\u00bb css=\u00bb.vc_custom_1590216183256{padding-bottom: 15px !important;}\u00bb][vc_custom_heading text=\u00bbVisualmente atractivo y funcional.<br \/>\nUna Experiencia, m\u00e1s que un producto\u00bb font_container=\u00bbtag:h2|font_size:48px|text_align:center|color:%23ffffff|line_height:58px\u00bb use_theme_fonts=\u00bbyes\u00bb][vc_custom_heading text=\u00bbTechMind trabaja en conjunto contigo para crear un producto que se encuentre orientado a generar experiencias, desde la visualizaci\u00f3n, la manufactura, hasta el empaque y la interacci\u00f3n con tu cliente final.\u00bb font_container=\u00bbtag:p|font_size:16px|text_align:center|color:%23ffffff|line_height:22px\u00bb use_theme_fonts=\u00bbyes\u00bb css=\u00bb.vc_custom_1590827584636{padding-top: 15px !important;padding-right: 10% !important;padding-left: 10% !important;}\u00bb][\/vc_column][\/vc_row][vc_row full_width=\u00bbstretch_row_content_no_spaces\u00bb css=\u00bb.vc_custom_1580507167910{margin-top: -35px !important;}\u00bb][vc_column width=\u00bb1\/2&#8243;][vc_single_image image=\u00bb5788&#8243; img_size=\u00bbfull\u00bb alignment=\u00bbcenter\u00bb css=\u00bb.vc_custom_1580512404615{margin-top: -25px !important;}\u00bb][\/vc_column][vc_column width=\u00bb1\/2&#8243; css=\u00bb.vc_custom_1580510498029{padding-top: 75px !important;padding-bottom: 75px !important;}\u00bb][vc_empty_space height=\u00bb20px\u00bb][vc_row_inner css=\u00bb.vc_custom_1580510487188{padding-right: 10% !important;padding-left: 10% !important;}\u00bb][vc_column_inner][vc_custom_heading text=\u00bbInvestigaci\u00f3n y Concepto\u00bb font_container=\u00bbtag:h2|font_size:26px|text_align:center|color:%23122646|line_height:32px\u00bb use_theme_fonts=\u00bbyes\u00bb][vc_custom_heading text=\u00bbPara crear un buen concepto, es importante contar con tanta informaci\u00f3n como sea posible. Nuestro primer acercamiento es para conocer los \u00abinsights\u00ab de nuestros clientes, o generar los mismos en un proceso que nos permita entender de manera integral lo que vamos a crear.\u00bb font_container=\u00bbtag:p|font_size:16px|text_align:center|color:%23555555|line_height:22px\u00bb use_theme_fonts=\u00bbyes\u00bb][vc_separator css=\u00bb.vc_custom_1580511302786{margin-top: 20px !important;margin-bottom: 20px !important;}\u00bb][vc_custom_heading text=\u00bbBocetaje\u00bb font_container=\u00bbtag:h2|font_size:26px|text_align:center|color:%23122646|line_height:32px\u00bb use_theme_fonts=\u00bbyes\u00bb][vc_custom_heading text=\u00bbUna vez conociendo el objetivo del proyecto, comenzamos con la parte visual, creando bocetos que nos permitan explorar distintas posibilidades para generar el mejor resultado en tres \u00e1reas: Visual, Funcional y de Experiencia. El resultado, un \u00abProducto de Experiencia \u00ae\u00ab una forma de crear productos, registrada por TechMind.\u00bb font_container=\u00bbtag:p|font_size:16px|text_align:center|color:%23555555|line_height:22px\u00bb use_theme_fonts=\u00bbyes\u00bb][vc_empty_space height=\u00bb20px\u00bb][vc_btn title=\u00bbCont\u00e1ctanos\u00bb style=\u00bboutline\u00bb shape=\u00bbsquare\u00bb color=\u00bbinverse\u00bb align=\u00bbcenter\u00bb link=\u00bburl:http%3A%2F%2Ftechmind.mx%2Findex.php%2Fcontacto%2F|||\u00bb][\/vc_column_inner][\/vc_row_inner][\/vc_column][\/vc_row][vc_row full_width=\u00bbstretch_row_content_no_spaces\u00bb css=\u00bb.vc_custom_1580507167910{margin-top: -35px !important;}\u00bb][vc_column width=\u00bb1\/2&#8243; css=\u00bb.vc_custom_1580511928794{padding-top: 75px !important;padding-bottom: 75px !important;}\u00bb][vc_row_inner css=\u00bb.vc_custom_1580510487188{padding-right: 10% !important;padding-left: 10% !important;}\u00bb][vc_column_inner][vc_custom_heading text=\u00bbModelado CAD (asistido por computadora)\u00bb font_container=\u00bbtag:h2|font_size:26px|text_align:center|color:%23122646|line_height:32px\u00bb use_theme_fonts=\u00bbyes\u00bb][vc_custom_heading text=\u00bbPasamos del boceto al modelado en tres dimensiones en un programa de CAD (dise\u00f1o asistido por computadora) en el cual afinaremos los detalles para que tu modelo se encuentre preparado para su manufactura. Analizaremos cada una de las piezas que conforman tu objeto y empezaremos a acercarlo a su aspecto final.\u00bb font_container=\u00bbtag:p|font_size:16px|text_align:center|color:%23555555|line_height:22px\u00bb use_theme_fonts=\u00bbyes\u00bb][vc_separator css=\u00bb.vc_custom_1580511302786{margin-top: 20px !important;margin-bottom: 20px !important;}\u00bb][vc_custom_heading text=\u00bbValidaci\u00f3n y Simulaciones por Computadora\u00bb font_container=\u00bbtag:h2|font_size:26px|text_align:center|color:%23122646|line_height:32px\u00bb use_theme_fonts=\u00bbyes\u00bb][vc_custom_heading text=\u00bbCorremos simulaciones por computadora que nos permitir\u00e1n analizar el modelo para cumplir con los est\u00e1ndares de la industria y facilitar su correcta manufactura. Nos aseguramos de que cumplir\u00e1 con sus objetivos previstos, creando algo que estar\u00e1 probado incluso antes de empezar a usarse.\u00bb font_container=\u00bbtag:p|font_size:16px|text_align:center|color:%23555555|line_height:22px\u00bb use_theme_fonts=\u00bbyes\u00bb][vc_empty_space height=\u00bb20px\u00bb][vc_btn title=\u00bbCont\u00e1ctanos\u00bb style=\u00bboutline\u00bb shape=\u00bbsquare\u00bb color=\u00bbinverse\u00bb align=\u00bbcenter\u00bb link=\u00bburl:http%3A%2F%2Ftechmind.mx%2Findex.php%2Fcontacto%2F|||\u00bb][\/vc_column_inner][\/vc_row_inner][\/vc_column][vc_column width=\u00bb1\/2&#8243;][vc_single_image image=\u00bb5789&#8243; img_size=\u00bbfull\u00bb alignment=\u00bbcenter\u00bb css=\u00bb.vc_custom_1580512421813{margin-top: -25px !important;}\u00bb][\/vc_column][\/vc_row][vc_row full_width=\u00bbstretch_row\u00bb et_uniqid=\u00bbet_custom_uniqid_5ed23a38f21a1&#8243; css=\u00bb.vc_custom_1590835779330{margin-top: -35px !important;padding-top: 75px !important;padding-bottom: 125px !important;background-color: rgba(25,54,64,0.7) !important;*background-color: rgb(25,54,64) !important;}\u00bb _et_uniqid=\u00bbet_custom_uniqid_new_5ed23a391b7e9&#8243;][vc_column][vc_custom_heading text=\u00bbTrabajamos de la mano con nuestros clientes y sus clientes para desarrollar un producto que supere las expectativas de ambos. En un proceso creativo que es una experiencia por si mismo.\u00bb font_container=\u00bbtag:h2|font_size:40px|text_align:center|color:%23ffffff|line_height:48px\u00bb use_theme_fonts=\u00bbyes\u00bb][\/vc_column][\/vc_row][vc_row full_width=\u00bbstretch_row_content_no_spaces\u00bb css=\u00bb.vc_custom_1580507167910{margin-top: -35px !important;}\u00bb][vc_column width=\u00bb1\/2&#8243;][vc_single_image image=\u00bb5792&#8243; img_size=\u00bbfull\u00bb alignment=\u00bbcenter\u00bb css=\u00bb.vc_custom_1580513825712{margin-top: -25px !important;}\u00bb][\/vc_column][vc_column width=\u00bb1\/2&#8243; css=\u00bb.vc_custom_1580510498029{padding-top: 75px !important;padding-bottom: 75px !important;}\u00bb][vc_empty_space height=\u00bb20px\u00bb][vc_row_inner css=\u00bb.vc_custom_1580510487188{padding-right: 10% !important;padding-left: 10% !important;}\u00bb][vc_column_inner][vc_custom_heading text=\u00bbAn\u00e1lisis de Color y Renderizado\u00bb font_container=\u00bbtag:h2|font_size:26px|text_align:center|color:%23122646|line_height:32px\u00bb use_theme_fonts=\u00bbyes\u00bb][vc_custom_heading text=\u00bbElegimos el material orientado a hacer clic con tu marca y su personalidad, de la mano de las tendencias y preferencias de color del consumidor meta. Te presentamos las propuestas en renders foto-realistas, en donde podr\u00e1s apreciar desde las texturas, hasta los brillos de tu futuro producto.\u00bb font_container=\u00bbtag:p|font_size:16px|text_align:center|color:%23555555|line_height:22px\u00bb use_theme_fonts=\u00bbyes\u00bb][vc_separator css=\u00bb.vc_custom_1580511302786{margin-top: 20px !important;margin-bottom: 20px !important;}\u00bb][vc_custom_heading text=\u00bbPrototipado y Pre-Manufactura\u00bb font_container=\u00bbtag:h2|font_size:26px|text_align:center|color:%23122646|line_height:32px\u00bb use_theme_fonts=\u00bbyes\u00bb][vc_custom_heading text=\u00bbCreamos un prototipo utilizando las nuevas tecnolog\u00edas para su validaci\u00f3n y an\u00e1lisis ergon\u00f3mico y de uso. Nos aseguramos de mantener el v\u00ednculo con el enlace de fabricaci\u00f3n o te ayudamos a crearlo, orientando el prototipo final a su f\u00e1cil fabricaci\u00f3n, con el menor costo e impacto ecol\u00f3gico posible.\u00bb font_container=\u00bbtag:p|font_size:16px|text_align:center|color:%23555555|line_height:22px\u00bb use_theme_fonts=\u00bbyes\u00bb][vc_empty_space height=\u00bb20px\u00bb][vc_btn title=\u00bbCont\u00e1ctanos\u00bb style=\u00bboutline\u00bb shape=\u00bbsquare\u00bb color=\u00bbinverse\u00bb align=\u00bbcenter\u00bb link=\u00bburl:http%3A%2F%2Ftechmind.mx%2Findex.php%2Fcontacto%2F|||\u00bb][\/vc_column_inner][\/vc_row_inner][\/vc_column][\/vc_row]<\/p>\n","protected":false},"excerpt":{"rendered":"<p>[vc_row full_width=\u00bbstretch_row\u00bb et_uniqid=\u00bbet_custom_uniqid_5ed23a284e9d9&#8243; css=\u00bb.vc_custom_1590835765300{padding-top: 75px !important;padding-bottom: 125px !important;background-color: rgba(1,191,241,0.7) !important;*background-color: rgb(1,191,241) !important;}\u00bb _et_uniqid=\u00bbet_custom_uniqid_new_5ed23a286c407&#8243;][vc_column][vc_custom_heading text=\u00bbDESARROLLO INTEGRAL DE PRODUCTO\u00bb font_container=\u00bbtag:h2|font_size:16px|text_align:center|color:%23ffffff|line_height:18px\u00bb google_fonts=\u00bbfont_family:Oswald%3A300%2Cregular%2C700|font_style:400%20regular%3A400%3Anormal\u00bb css=\u00bb.vc_custom_1590216183256{padding-bottom: 15px !important;}\u00bb][vc_custom_heading text=\u00bbVisualmente atractivo y&#8230;<\/p>\n","protected":false},"author":1,"featured_media":0,"parent":0,"menu_order":0,"comment_status":"closed","ping_status":"closed","template":"","meta":[],"_links":{"self":[{"href":"https:\/\/techmind.mx\/index.php\/wp-json\/wp\/v2\/pages\/5710"}],"collection":[{"href":"https:\/\/techmind.mx\/index.php\/wp-json\/wp\/v2\/pages"}],"about":[{"href":"https:\/\/techmind.mx\/index.php\/wp-json\/wp\/v2\/types\/page"}],"author":[{"embeddable":true,"href":"https:\/\/techmind.mx\/index.php\/wp-json\/wp\/v2\/users\/1"}],"replies":[{"embeddable":true,"href":"https:\/\/techmind.mx\/index.php\/wp-json\/wp\/v2\/comments?post=5710"}],"version-history":[{"count":24,"href":"https:\/\/techmind.mx\/index.php\/wp-json\/wp\/v2\/pages\/5710\/revisions"}],"predecessor-version":[{"id":6017,"href":"https:\/\/techmind.mx\/index.php\/wp-json\/wp\/v2\/pages\/5710\/revisions\/6017"}],"wp:attachment":[{"href":"https:\/\/techmind.mx\/index.php\/wp-json\/wp\/v2\/media?parent=5710"}],"curies":[{"name":"wp","href":"https:\/\/api.w.org\/{rel}","templated":true}]}}